{"id":77,"date":"2016-11-07T19:33:07","date_gmt":"2016-11-07T18:33:07","guid":{"rendered":"http:\/\/www.gietka.be\/?page_id=77"},"modified":"2018-09-17T11:19:59","modified_gmt":"2018-09-17T09:19:59","slug":"videos","status":"publish","type":"page","link":"https:\/\/www.gietka.be\/index.php\/videos\/","title":{"rendered":"Vid\u00e9os"},"content":{"rendered":"<p><strong><u>Juin 2018<\/u><\/strong>\u00a0: d\u00e9monstration de l\u2019aquarelle \u00ab\u00a0T\u00eate \u00e0 t\u00eate\u00a0\u00bb<\/p>\n<p><span class=\"embed-youtube\" style=\"text-align:center; display: block;\"><iframe loading=\"lazy\" class=\"youtube-player\" width=\"640\" height=\"360\" src=\"https:\/\/www.youtube.com\/embed\/k_LgGyMZ_Y0?version=3&#038;rel=1&#038;showsearch=0&#038;showinfo=1&#038;iv_load_policy=1&#038;fs=1&#038;hl=fr-FR&#038;autohide=2&#038;wmode=transparent\" allowfullscreen=\"true\" style=\"border:0;\" sandbox=\"allow-scripts allow-same-origin allow-popups allow-presentation allow-popups-to-escape-sandbox\"><\/iframe><\/span><\/p>\n<p><strong><u>Janvier 2017 :<\/u><\/strong>\u00a0 \u00ab\u00a0Jos\u00e9 Gietka aquarelliste\u00a0\u00bb vid\u00e9o r\u00e9alis\u00e9e\u00a0par Evans Disy\u00a0\u00a0(images et montage) et Jean Luc Fieuw (journaliste)<\/p>\n<p><iframe loading=\"lazy\" title=\"RTA Jury1 Evans Disy\" src=\"https:\/\/player.vimeo.com\/video\/203971600?dnt=1&amp;app_id=122963\" width=\"640\" height=\"512\" frameborder=\"0\" allow=\"autoplay; fullscreen; picture-in-picture; clipboard-write; encrypted-media\"><\/iframe><\/p>\n<p><span style=\"text-decoration: underline;\"><strong>Septembre 2016<\/strong><\/span> : sortie de la vid\u00e9o \u00ab\u00a0Arches, Aquarelle le papier inimitable\u00a0\u00bb<\/p>\n<p><span class=\"embed-youtube\" style=\"text-align:center; display: block;\"><iframe loading=\"lazy\" class=\"youtube-player\" width=\"640\" height=\"360\" src=\"https:\/\/www.youtube.com\/embed\/G3WLyN4zg7I?version=3&#038;rel=1&#038;showsearch=0&#038;showinfo=1&#038;iv_load_policy=1&#038;fs=1&#038;hl=fr-FR&#038;autohide=2&#038;start=41&#038;wmode=transparent\" allowfullscreen=\"true\" style=\"border:0;\" sandbox=\"allow-scripts allow-same-origin allow-popups allow-presentation allow-popups-to-escape-sandbox\"><\/iframe><\/span><\/p>\n<p><strong>\u00a0\u00a0<span style=\"color: #000000;\">\u00a0\u00a0\u00a0\u00a0\u00a0\u00a0\u00a0\u00a0\u00a0\u00a0\u00a0\u00a0\u00a0\u00a0\u00a0\u00a0\u00a0\u00a0\u00a0\u00a0\u00ab\u00a0Arches Aquarelle le papier inimitable\u00a0\u00bb<\/span><\/strong><\/p>\n<p><span style=\"color: #000000;\">Dans notre soci\u00e9t\u00e9 bas\u00e9e sur le profit et sur la surconsommation, il est bien difficile de faire la part des choses entre la vraie qualit\u00e9 et celle qui pr\u00e9tend \u00a0l\u2019\u00eatre.<\/span><\/p>\n<p><span style=\"color: #000000;\">Il ne suffit pas \u00e0 un papier d\u2019\u00eatre constitu\u00e9 de pur coton pour \u00eatre le meilleur, en fait c\u2019est toute une alchimie remplie encore aujourd\u2019hui de secrets de fabrication.<\/span><\/p>\n<p><span style=\"color: #000000;\">Seuls le temps et l\u2019exp\u00e9rience peuvent conduire \u00e0 la perfection d\u2019un papier comme celui \u00a0d\u2019Arches,\u00a0 500 ans qu\u2019il fait ses preuves, qui dit mieux\u00a0????<\/span><\/p>\n<p><span style=\"color: #000000;\">Dans les ventes publiques, pour certaines \u0153uvres sur papier, il est annonc\u00e9 \u00ab\u00a0sur papier Arches\u00a0\u00bb, c\u2019est un des labels de qualit\u00e9.\u00a0Les collectionneurs les plus sensibles, ceux qui n\u2019investissent que sur des \u0153uvres qui traverseront le temps le connaissent bien.<\/span><\/p>\n<p><span style=\"color: #000000;\">Le papier Arches est donc une partie du secret de la r\u00e9ussite de beaucoup de grands artistes comme Marc Chagall, L\u00e9onor Fini, Pierre Alechinsky, Francis Bacon, Pol Bury, Jean Carzou, Salvator Dali, Michel Seuphor, Toulouse Lautrec \u2026<\/span><\/p>\n<p><span style=\"color: #000000;\">Ils l\u2019ont tous utilis\u00e9 comme support dans leurs techniques respectives, ce qui m\u00e9rite notre respect et\u00a0notre confiance.<\/span><\/p>\n<p><span style=\"color: #000000;\">Dans les magasins Beaux-Arts, les artistes d\u00e9butants se trouvent devant\u00a0 une multitude de papiers et ont difficile de faire le bon choix.<\/span><\/p>\n<p><span style=\"color: #000000;\">Il faut savoir que la non qualit\u00e9 est le plus mauvais des investissements, celui ou l\u2019on a tout \u00e0 perdre et rien \u00e0 gagner.<\/span><\/p>\n<p><span style=\"color: #000000;\">Le papier Arches est magique et\u00a0participe \u00e0 la cr\u00e9dibilit\u00e9 de l\u2019artiste qui l\u2019utilise.<\/span><\/p>\n<p><span style=\"color: #000000;\">Si un artiste \u00a0est suffisamment fier et respectueux de ses collectionneurs, il fera \u00a0le tri des marchandises qu\u2019il utilise pour ses cr\u00e9ations et n\u2019aura pas le droit de se tromper car la confiance des amateurs d\u2019art se m\u00e9rite.<\/span><\/p>\n<p><span style=\"color: #000000;\">A m\u00e9diter!<\/span><\/p>\n<p><span style=\"color: #000000;\">Jos\u00e9 Gietka<\/span><\/p>\n<p>&nbsp;<\/p>\n","protected":false},"excerpt":{"rendered":"<p>Juin 2018\u00a0: d\u00e9monstration de l\u2019aquarelle \u00ab\u00a0T\u00eate \u00e0 t\u00eate\u00a0\u00bb Janvier 2017 :\u00a0 \u00ab\u00a0Jos\u00e9 Gietka aquarelliste\u00a0\u00bb vid\u00e9o r\u00e9alis\u00e9e\u00a0par Evans Disy\u00a0\u00a0(images et montage) et Jean Luc Fieuw (journaliste) Septembre 2016 : sortie de la vid\u00e9o \u00ab\u00a0Arches, Aquarelle le papier inimitable\u00a0\u00bb \u00a0\u00a0\u00a0\u00a0\u00a0\u00a0\u00a0\u00a0\u00a0\u00a0\u00a0\u00a0\u00a0\u00a0\u00a0\u00a0\u00a0\u00a0\u00a0\u00a0\u00a0\u00a0\u00ab\u00a0Arches Aquarelle le &hellip; <a href=\"https:\/\/www.gietka.be\/index.php\/videos\/\">Continuer la lecture <span class=\"meta-nav\">&rarr;<\/span><\/a><\/p>\n","protected":false},"author":2,"featured_media":0,"parent":0,"menu_order":0,"comment_status":"closed","ping_status":"closed","template":"","meta":{"jetpack_post_was_ever_published":false,"footnotes":""},"class_list":["post-77","page","type-page","status-publish","hentry"],"yoast_head":"<!-- This site is optimized with the Yoast SEO plugin v27.2 - https:\/\/yoast.com\/product\/yoast-seo-wordpress\/ -->\n<title>Vid\u00e9os - Jos\u00e9 Gietka, aquarelliste et cr\u00e9ateur de bijoux<\/title>\n<meta name=\"robots\" content=\"index, follow, max-snippet:-1, max-image-preview:large, max-video-preview:-1\" \/>\n<link rel=\"canonical\" href=\"https:\/\/www.gietka.be\/index.php\/videos\/\" \/>\n<meta property=\"og:locale\" content=\"fr_FR\" \/>\n<meta property=\"og:type\" content=\"article\" \/>\n<meta property=\"og:title\" content=\"Vid\u00e9os - Jos\u00e9 Gietka, aquarelliste et cr\u00e9ateur de bijoux\" \/>\n<meta property=\"og:description\" content=\"Juin 2018\u00a0: d\u00e9monstration de l\u2019aquarelle \u00ab\u00a0T\u00eate \u00e0 t\u00eate\u00a0\u00bb Janvier 2017 :\u00a0 \u00ab\u00a0Jos\u00e9 Gietka aquarelliste\u00a0\u00bb vid\u00e9o r\u00e9alis\u00e9e\u00a0par Evans Disy\u00a0\u00a0(images et montage) et Jean Luc Fieuw (journaliste) Septembre 2016 : sortie de la vid\u00e9o \u00ab\u00a0Arches, Aquarelle le papier inimitable\u00a0\u00bb \u00a0\u00a0\u00a0\u00a0\u00a0\u00a0\u00a0\u00a0\u00a0\u00a0\u00a0\u00a0\u00a0\u00a0\u00a0\u00a0\u00a0\u00a0\u00a0\u00a0\u00a0\u00a0\u00ab\u00a0Arches Aquarelle le &hellip; Continuer la lecture &rarr;\" \/>\n<meta property=\"og:url\" content=\"https:\/\/www.gietka.be\/index.php\/videos\/\" \/>\n<meta property=\"og:site_name\" content=\"Jos\u00e9 Gietka, aquarelliste et cr\u00e9ateur de bijoux\" \/>\n<meta property=\"article:modified_time\" content=\"2018-09-17T09:19:59+00:00\" \/>\n<meta name=\"twitter:card\" content=\"summary_large_image\" \/>\n<meta name=\"twitter:label1\" content=\"Dur\u00e9e de lecture estim\u00e9e\" \/>\n\t<meta name=\"twitter:data1\" content=\"2 minutes\" \/>\n<script type=\"application\/ld+json\" class=\"yoast-schema-graph\">{\"@context\":\"https:\/\/schema.org\",\"@graph\":[{\"@type\":\"WebPage\",\"@id\":\"https:\/\/www.gietka.be\/index.php\/videos\/\",\"url\":\"https:\/\/www.gietka.be\/index.php\/videos\/\",\"name\":\"Vid\u00e9os - Jos\u00e9 Gietka, aquarelliste et cr\u00e9ateur de bijoux\",\"isPartOf\":{\"@id\":\"https:\/\/www.gietka.be\/#website\"},\"datePublished\":\"2016-11-07T18:33:07+00:00\",\"dateModified\":\"2018-09-17T09:19:59+00:00\",\"breadcrumb\":{\"@id\":\"https:\/\/www.gietka.be\/index.php\/videos\/#breadcrumb\"},\"inLanguage\":\"fr-FR\",\"potentialAction\":[{\"@type\":\"ReadAction\",\"target\":[\"https:\/\/www.gietka.be\/index.php\/videos\/\"]}]},{\"@type\":\"BreadcrumbList\",\"@id\":\"https:\/\/www.gietka.be\/index.php\/videos\/#breadcrumb\",\"itemListElement\":[{\"@type\":\"ListItem\",\"position\":1,\"name\":\"Accueil\",\"item\":\"https:\/\/www.gietka.be\/\"},{\"@type\":\"ListItem\",\"position\":2,\"name\":\"Vid\u00e9os\"}]},{\"@type\":\"WebSite\",\"@id\":\"https:\/\/www.gietka.be\/#website\",\"url\":\"https:\/\/www.gietka.be\/\",\"name\":\"Jos\u00e9 Gietka, aquarelliste et cr\u00e9ateur de bijoux\",\"description\":\"L&#039;art de l&#039;aquarelle cr\u00e9ative\",\"potentialAction\":[{\"@type\":\"SearchAction\",\"target\":{\"@type\":\"EntryPoint\",\"urlTemplate\":\"https:\/\/www.gietka.be\/?s={search_term_string}\"},\"query-input\":{\"@type\":\"PropertyValueSpecification\",\"valueRequired\":true,\"valueName\":\"search_term_string\"}}],\"inLanguage\":\"fr-FR\"}]}<\/script>\n<!-- \/ Yoast SEO plugin. -->","yoast_head_json":{"title":"Vid\u00e9os - Jos\u00e9 Gietka, aquarelliste et cr\u00e9ateur de bijoux","robots":{"index":"index","follow":"follow","max-snippet":"max-snippet:-1","max-image-preview":"max-image-preview:large","max-video-preview":"max-video-preview:-1"},"canonical":"https:\/\/www.gietka.be\/index.php\/videos\/","og_locale":"fr_FR","og_type":"article","og_title":"Vid\u00e9os - Jos\u00e9 Gietka, aquarelliste et cr\u00e9ateur de bijoux","og_description":"Juin 2018\u00a0: d\u00e9monstration de l\u2019aquarelle \u00ab\u00a0T\u00eate \u00e0 t\u00eate\u00a0\u00bb Janvier 2017 :\u00a0 \u00ab\u00a0Jos\u00e9 Gietka aquarelliste\u00a0\u00bb vid\u00e9o r\u00e9alis\u00e9e\u00a0par Evans Disy\u00a0\u00a0(images et montage) et Jean Luc Fieuw (journaliste) Septembre 2016 : sortie de la vid\u00e9o \u00ab\u00a0Arches, Aquarelle le papier inimitable\u00a0\u00bb \u00a0\u00a0\u00a0\u00a0\u00a0\u00a0\u00a0\u00a0\u00a0\u00a0\u00a0\u00a0\u00a0\u00a0\u00a0\u00a0\u00a0\u00a0\u00a0\u00a0\u00a0\u00a0\u00ab\u00a0Arches Aquarelle le &hellip; Continuer la lecture &rarr;","og_url":"https:\/\/www.gietka.be\/index.php\/videos\/","og_site_name":"Jos\u00e9 Gietka, aquarelliste et cr\u00e9ateur de bijoux","article_modified_time":"2018-09-17T09:19:59+00:00","twitter_card":"summary_large_image","twitter_misc":{"Dur\u00e9e de lecture estim\u00e9e":"2 minutes"},"schema":{"@context":"https:\/\/schema.org","@graph":[{"@type":"WebPage","@id":"https:\/\/www.gietka.be\/index.php\/videos\/","url":"https:\/\/www.gietka.be\/index.php\/videos\/","name":"Vid\u00e9os - Jos\u00e9 Gietka, aquarelliste et cr\u00e9ateur de bijoux","isPartOf":{"@id":"https:\/\/www.gietka.be\/#website"},"datePublished":"2016-11-07T18:33:07+00:00","dateModified":"2018-09-17T09:19:59+00:00","breadcrumb":{"@id":"https:\/\/www.gietka.be\/index.php\/videos\/#breadcrumb"},"inLanguage":"fr-FR","potentialAction":[{"@type":"ReadAction","target":["https:\/\/www.gietka.be\/index.php\/videos\/"]}]},{"@type":"BreadcrumbList","@id":"https:\/\/www.gietka.be\/index.php\/videos\/#breadcrumb","itemListElement":[{"@type":"ListItem","position":1,"name":"Accueil","item":"https:\/\/www.gietka.be\/"},{"@type":"ListItem","position":2,"name":"Vid\u00e9os"}]},{"@type":"WebSite","@id":"https:\/\/www.gietka.be\/#website","url":"https:\/\/www.gietka.be\/","name":"Jos\u00e9 Gietka, aquarelliste et cr\u00e9ateur de bijoux","description":"L&#039;art de l&#039;aquarelle cr\u00e9ative","potentialAction":[{"@type":"SearchAction","target":{"@type":"EntryPoint","urlTemplate":"https:\/\/www.gietka.be\/?s={search_term_string}"},"query-input":{"@type":"PropertyValueSpecification","valueRequired":true,"valueName":"search_term_string"}}],"inLanguage":"fr-FR"}]}},"jetpack_sharing_enabled":true,"jetpack_shortlink":"https:\/\/wp.me\/P7ZytP-1f","_links":{"self":[{"href":"https:\/\/www.gietka.be\/index.php\/wp-json\/wp\/v2\/pages\/77","targetHints":{"allow":["GET"]}}],"collection":[{"href":"https:\/\/www.gietka.be\/index.php\/wp-json\/wp\/v2\/pages"}],"about":[{"href":"https:\/\/www.gietka.be\/index.php\/wp-json\/wp\/v2\/types\/page"}],"author":[{"embeddable":true,"href":"https:\/\/www.gietka.be\/index.php\/wp-json\/wp\/v2\/users\/2"}],"replies":[{"embeddable":true,"href":"https:\/\/www.gietka.be\/index.php\/wp-json\/wp\/v2\/comments?post=77"}],"version-history":[{"count":20,"href":"https:\/\/www.gietka.be\/index.php\/wp-json\/wp\/v2\/pages\/77\/revisions"}],"predecessor-version":[{"id":1175,"href":"https:\/\/www.gietka.be\/index.php\/wp-json\/wp\/v2\/pages\/77\/revisions\/1175"}],"wp:attachment":[{"href":"https:\/\/www.gietka.be\/index.php\/wp-json\/wp\/v2\/media?parent=77"}],"curies":[{"name":"wp","href":"https:\/\/api.w.org\/{rel}","templated":true}]}}