{"id":59,"date":"2016-11-07T19:31:31","date_gmt":"2016-11-07T18:31:31","guid":{"rendered":"http:\/\/www.gietka.be\/?page_id=59"},"modified":"2016-11-10T17:13:39","modified_gmt":"2016-11-10T16:13:39","slug":"2013-3","status":"publish","type":"page","link":"https:\/\/www.gietka.be\/index.php\/2013-3\/","title":{"rendered":"2013"},"content":{"rendered":"<p style=\"margin: 0cm; margin-bottom: .0001pt;\"><strong><u><span style=\"font-family: 'Georgia','serif';\">Du 7 au 29 d\u00e9cembre 2013 :<\/span><\/u><\/strong><span class=\"apple-converted-space\"><span style=\"font-family: 'Georgia','serif';\">\u00a0<\/span><\/span><span style=\"font-family: 'Georgia','serif';\">March\u00e9 annuel de l&rsquo;art au Presbyt\u00e8re d&rsquo;Arbre pr\u00e9sent\u00e9 par la galerie d&rsquo;Art&rsquo;bre<\/span><\/p>\n<p style=\"margin: 0cm; margin-bottom: .0001pt;\">\n<p style=\"margin: 0cm; margin-bottom: .0001pt;\"><a href=\"https:\/\/i0.wp.com\/www.gietka.be\/wp-content\/uploads\/2016\/11\/2013-Arbre-No%C3%ABl.jpeg?ssl=1\" target=\"_blank\"><img data-recalc-dims=\"1\" loading=\"lazy\" decoding=\"async\" data-attachment-id=\"258\" data-permalink=\"https:\/\/www.gietka.be\/index.php\/2013-3\/2013-arbre-noel\/\" data-orig-file=\"https:\/\/i0.wp.com\/www.gietka.be\/wp-content\/uploads\/2016\/11\/2013-Arbre-No%C3%ABl.jpeg?fit=910%2C683&amp;ssl=1\" data-orig-size=\"910,683\" data-comments-opened=\"1\" data-image-meta=\"{&quot;aperture&quot;:&quot;0&quot;,&quot;credit&quot;:&quot;&quot;,&quot;camera&quot;:&quot;&quot;,&quot;caption&quot;:&quot;&quot;,&quot;created_timestamp&quot;:&quot;0&quot;,&quot;copyright&quot;:&quot;&quot;,&quot;focal_length&quot;:&quot;0&quot;,&quot;iso&quot;:&quot;0&quot;,&quot;shutter_speed&quot;:&quot;0&quot;,&quot;title&quot;:&quot;&quot;,&quot;orientation&quot;:&quot;0&quot;}\" data-image-title=\"2013-arbre-noel\" data-image-description=\"\" data-image-caption=\"\" data-medium-file=\"https:\/\/i0.wp.com\/www.gietka.be\/wp-content\/uploads\/2016\/11\/2013-Arbre-No%C3%ABl.jpeg?fit=300%2C225&amp;ssl=1\" data-large-file=\"https:\/\/i0.wp.com\/www.gietka.be\/wp-content\/uploads\/2016\/11\/2013-Arbre-No%C3%ABl.jpeg?fit=640%2C480&amp;ssl=1\" class=\"aligncenter wp-image-258 size-medium\" src=\"https:\/\/i0.wp.com\/www.gietka.be\/wp-content\/uploads\/2016\/11\/2013-Arbre-No%C3%ABl.jpeg?resize=300%2C225&#038;ssl=1\" alt=\"2013-arbre-noel\" width=\"300\" height=\"225\" srcset=\"https:\/\/i0.wp.com\/www.gietka.be\/wp-content\/uploads\/2016\/11\/2013-Arbre-No%C3%ABl.jpeg?resize=300%2C225&amp;ssl=1 300w, https:\/\/i0.wp.com\/www.gietka.be\/wp-content\/uploads\/2016\/11\/2013-Arbre-No%C3%ABl.jpeg?resize=768%2C576&amp;ssl=1 768w, https:\/\/i0.wp.com\/www.gietka.be\/wp-content\/uploads\/2016\/11\/2013-Arbre-No%C3%ABl.jpeg?w=910&amp;ssl=1 910w\" sizes=\"auto, (max-width: 300px) 100vw, 300px\" \/><\/a><\/p>\n<p style=\"margin: 0cm; margin-bottom: .0001pt;\"><span style=\"font-family: 'Georgia','serif';\">\u00a0<\/span><\/p>\n<p style=\"margin: 0cm; margin-bottom: .0001pt;\"><strong><u><span style=\"font-family: 'Georgia','serif';\">Du 27 au 29 septembre 2013<\/span><\/u><\/strong><span class=\"apple-converted-space\"><span style=\"font-family: 'Georgia','serif';\">\u00a0<\/span><\/span><span style=\"font-family: 'Georgia','serif';\">: Exposition \u00e0 la Galerie d&rsquo;Art&rsquo;bre \u00e0 Arbre, \u00ab\u00a0Le papier <\/span><\/p>\n<p style=\"margin: 0cm; margin-bottom: .0001pt;\">dans tous ses \u00e9tats\u00a0\u00bb.<\/p>\n<p style=\"margin: 0cm; margin-bottom: .0001pt;\">\n<p style=\"margin: 0cm; margin-bottom: .0001pt;\"><a href=\"https:\/\/i0.wp.com\/www.gietka.be\/wp-content\/uploads\/2016\/11\/2013-Arbre-expo.jpg?ssl=1\" target=\"_blank\"><img data-recalc-dims=\"1\" loading=\"lazy\" decoding=\"async\" data-attachment-id=\"259\" data-permalink=\"https:\/\/www.gietka.be\/index.php\/2013-3\/olympus-digital-camera-4\/\" data-orig-file=\"https:\/\/i0.wp.com\/www.gietka.be\/wp-content\/uploads\/2016\/11\/2013-Arbre-expo.jpg?fit=1000%2C750&amp;ssl=1\" data-orig-size=\"1000,750\" data-comments-opened=\"1\" data-image-meta=\"{&quot;aperture&quot;:&quot;3.1&quot;,&quot;credit&quot;:&quot;&quot;,&quot;camera&quot;:&quot;u10D,S300D,u300D&quot;,&quot;caption&quot;:&quot;OLYMPUS DIGITAL CAMERA&quot;,&quot;created_timestamp&quot;:&quot;-62169984000&quot;,&quot;copyright&quot;:&quot;&quot;,&quot;focal_length&quot;:&quot;5.8&quot;,&quot;iso&quot;:&quot;80&quot;,&quot;shutter_speed&quot;:&quot;0.0025&quot;,&quot;title&quot;:&quot;OLYMPUS DIGITAL CAMERA&quot;,&quot;orientation&quot;:&quot;1&quot;}\" data-image-title=\"2013-Arbre-expo\" data-image-description=\"\" data-image-caption=\"\" data-medium-file=\"https:\/\/i0.wp.com\/www.gietka.be\/wp-content\/uploads\/2016\/11\/2013-Arbre-expo.jpg?fit=300%2C225&amp;ssl=1\" data-large-file=\"https:\/\/i0.wp.com\/www.gietka.be\/wp-content\/uploads\/2016\/11\/2013-Arbre-expo.jpg?fit=640%2C480&amp;ssl=1\" class=\"aligncenter wp-image-259 size-medium\" src=\"https:\/\/i0.wp.com\/www.gietka.be\/wp-content\/uploads\/2016\/11\/2013-Arbre-expo-300x225.jpg?resize=300%2C225&#038;ssl=1\" alt=\"2013-Arbre-expo\" width=\"300\" height=\"225\" srcset=\"https:\/\/i0.wp.com\/www.gietka.be\/wp-content\/uploads\/2016\/11\/2013-Arbre-expo.jpg?resize=300%2C225&amp;ssl=1 300w, https:\/\/i0.wp.com\/www.gietka.be\/wp-content\/uploads\/2016\/11\/2013-Arbre-expo.jpg?resize=768%2C576&amp;ssl=1 768w, https:\/\/i0.wp.com\/www.gietka.be\/wp-content\/uploads\/2016\/11\/2013-Arbre-expo.jpg?w=1000&amp;ssl=1 1000w\" sizes=\"auto, (max-width: 300px) 100vw, 300px\" \/><\/a><\/p>\n<p style=\"margin: 0cm; margin-bottom: .0001pt;\"><span style=\"font-family: 'Georgia','serif';\">\u00a0<\/span><\/p>\n<p style=\"margin: 0cm; margin-bottom: .0001pt;\"><strong><u><span style=\"font-family: 'Georgia','serif';\">Du 15 mai au 2 juin 2013<\/span><\/u><\/strong><span class=\"apple-converted-space\"><b><span style=\"font-family: 'Georgia','serif';\">\u00a0<\/span><\/b><\/span><span style=\"font-family: 'Georgia','serif';\">: Exposition chez \u00ab\u00a0<a href=\"http:\/\/www.graphica-namur.be\/\" target=\"_blank\"><span style=\"color: windowtext;\">Graphica<\/span><\/a>\u00a0\u00bb rue St Joseph, 16 \u00e0 Namur, avec une d\u00e9monstration le 29 mai \u00e0 14H.<\/span><\/p>\n<p style=\"margin: 0cm; margin-bottom: .0001pt;\">\n<p style=\"margin: 0cm; margin-bottom: .0001pt;\"><a href=\"https:\/\/i0.wp.com\/www.gietka.be\/wp-content\/uploads\/2016\/11\/2013-Graphica-expo.jpg?ssl=1\" target=\"_blank\"><img data-recalc-dims=\"1\" loading=\"lazy\" decoding=\"async\" data-attachment-id=\"260\" data-permalink=\"https:\/\/www.gietka.be\/index.php\/2013-3\/olympus-digital-camera-5\/\" data-orig-file=\"https:\/\/i0.wp.com\/www.gietka.be\/wp-content\/uploads\/2016\/11\/2013-Graphica-expo.jpg?fit=1000%2C750&amp;ssl=1\" data-orig-size=\"1000,750\" data-comments-opened=\"1\" data-image-meta=\"{&quot;aperture&quot;:&quot;3.1&quot;,&quot;credit&quot;:&quot;&quot;,&quot;camera&quot;:&quot;u10D,S300D,u300D&quot;,&quot;caption&quot;:&quot;OLYMPUS DIGITAL CAMERA&quot;,&quot;created_timestamp&quot;:&quot;-62169984000&quot;,&quot;copyright&quot;:&quot;&quot;,&quot;focal_length&quot;:&quot;5.8&quot;,&quot;iso&quot;:&quot;80&quot;,&quot;shutter_speed&quot;:&quot;0.033333333333333&quot;,&quot;title&quot;:&quot;OLYMPUS DIGITAL CAMERA&quot;,&quot;orientation&quot;:&quot;1&quot;}\" data-image-title=\"2013-Graphica-expo\" data-image-description=\"\" data-image-caption=\"\" data-medium-file=\"https:\/\/i0.wp.com\/www.gietka.be\/wp-content\/uploads\/2016\/11\/2013-Graphica-expo.jpg?fit=300%2C225&amp;ssl=1\" data-large-file=\"https:\/\/i0.wp.com\/www.gietka.be\/wp-content\/uploads\/2016\/11\/2013-Graphica-expo.jpg?fit=640%2C480&amp;ssl=1\" class=\"aligncenter wp-image-260 size-medium\" src=\"https:\/\/i0.wp.com\/www.gietka.be\/wp-content\/uploads\/2016\/11\/2013-Graphica-expo-300x225.jpg?resize=300%2C225&#038;ssl=1\" alt=\"2013-Graphica-expo\" width=\"300\" height=\"225\" srcset=\"https:\/\/i0.wp.com\/www.gietka.be\/wp-content\/uploads\/2016\/11\/2013-Graphica-expo.jpg?resize=300%2C225&amp;ssl=1 300w, https:\/\/i0.wp.com\/www.gietka.be\/wp-content\/uploads\/2016\/11\/2013-Graphica-expo.jpg?resize=768%2C576&amp;ssl=1 768w, https:\/\/i0.wp.com\/www.gietka.be\/wp-content\/uploads\/2016\/11\/2013-Graphica-expo.jpg?w=1000&amp;ssl=1 1000w\" sizes=\"auto, (max-width: 300px) 100vw, 300px\" \/><\/a><\/p>\n<p style=\"margin: 0cm; margin-bottom: .0001pt;\"><span style=\"font-family: 'Georgia','serif';\">\u00a0<\/span><\/p>\n<p style=\"margin: 0cm; margin-bottom: .0001pt;\"><strong><u><span style=\"font-family: 'Georgia','serif';\">Du 9 au 20 mai 2013<\/span><\/u><\/strong><span class=\"apple-converted-space\"><span style=\"font-family: 'Georgia','serif';\">\u00a0<\/span><\/span><span style=\"font-family: 'Georgia','serif';\">: 22 \u00e8me Salon d&rsquo;ensemble \u00ab\u00a0Les printemps de l&rsquo;aquarelle\u00a0\u00bb \u00e0 Libramont<\/span><\/p>\n<p style=\"margin: 0cm; margin-bottom: .0001pt;\">\n<p style=\"margin: 0cm; margin-bottom: .0001pt;\"><a href=\"https:\/\/i0.wp.com\/www.gietka.be\/wp-content\/uploads\/2016\/11\/2013-Libramont-expo.jpg?ssl=1\" target=\"_blank\"><img data-recalc-dims=\"1\" loading=\"lazy\" decoding=\"async\" data-attachment-id=\"261\" data-permalink=\"https:\/\/www.gietka.be\/index.php\/2013-3\/olympus-digital-camera-6\/\" data-orig-file=\"https:\/\/i0.wp.com\/www.gietka.be\/wp-content\/uploads\/2016\/11\/2013-Libramont-expo.jpg?fit=1000%2C750&amp;ssl=1\" data-orig-size=\"1000,750\" data-comments-opened=\"1\" data-image-meta=\"{&quot;aperture&quot;:&quot;3.1&quot;,&quot;credit&quot;:&quot;&quot;,&quot;camera&quot;:&quot;u10D,S300D,u300D&quot;,&quot;caption&quot;:&quot;OLYMPUS DIGITAL CAMERA&quot;,&quot;created_timestamp&quot;:&quot;-62169984000&quot;,&quot;copyright&quot;:&quot;&quot;,&quot;focal_length&quot;:&quot;5.8&quot;,&quot;iso&quot;:&quot;80&quot;,&quot;shutter_speed&quot;:&quot;0.033333333333333&quot;,&quot;title&quot;:&quot;OLYMPUS DIGITAL CAMERA&quot;,&quot;orientation&quot;:&quot;1&quot;}\" data-image-title=\"2013-Libramont-expo\" data-image-description=\"\" data-image-caption=\"\" data-medium-file=\"https:\/\/i0.wp.com\/www.gietka.be\/wp-content\/uploads\/2016\/11\/2013-Libramont-expo.jpg?fit=300%2C225&amp;ssl=1\" data-large-file=\"https:\/\/i0.wp.com\/www.gietka.be\/wp-content\/uploads\/2016\/11\/2013-Libramont-expo.jpg?fit=640%2C480&amp;ssl=1\" class=\"aligncenter wp-image-261 size-medium\" src=\"https:\/\/i0.wp.com\/www.gietka.be\/wp-content\/uploads\/2016\/11\/2013-Libramont-expo-300x225.jpg?resize=300%2C225&#038;ssl=1\" alt=\"2013-Libramont-expo\" width=\"300\" height=\"225\" srcset=\"https:\/\/i0.wp.com\/www.gietka.be\/wp-content\/uploads\/2016\/11\/2013-Libramont-expo.jpg?resize=300%2C225&amp;ssl=1 300w, https:\/\/i0.wp.com\/www.gietka.be\/wp-content\/uploads\/2016\/11\/2013-Libramont-expo.jpg?resize=768%2C576&amp;ssl=1 768w, https:\/\/i0.wp.com\/www.gietka.be\/wp-content\/uploads\/2016\/11\/2013-Libramont-expo.jpg?w=1000&amp;ssl=1 1000w\" sizes=\"auto, (max-width: 300px) 100vw, 300px\" \/><\/a><\/p>\n<p style=\"margin: 0cm; margin-bottom: .0001pt;\"><span style=\"font-family: 'Georgia','serif';\">\u00a0<\/span><\/p>\n<p class=\"rteleft\" style=\"margin: 0cm; margin-bottom: .0001pt;\"><strong><u><span style=\"font-family: 'Georgia','serif';\">Du 29 mars au 1er avril 2013<\/span><\/u><\/strong><span class=\"apple-converted-space\"><span style=\"font-family: 'Georgia','serif';\">\u00a0<\/span><\/span><span style=\"font-family: 'Georgia','serif';\">: Expos\u00e9 par la Soci\u00e9t\u00e9 AAAZ dans le hall de Ciney-Expo lors de \u00ab\u00a0Ciney Puces &#8211; salon antiquaire\u00a0\u00bb<\/span><\/p>\n<p class=\"rteleft\" style=\"margin: 0cm; margin-bottom: .0001pt;\">\n<p style=\"margin: 0cm; margin-bottom: .0001pt;\"><span style=\"font-family: 'Georgia','serif';\">\u00a0<strong><u>Du 15 au 17 mars 2013<\/u><\/strong><span class=\"apple-converted-space\">\u00a0<\/span>:Expos\u00e9 par la Soci\u00e9t\u00e9 AAAZ au Salon d&rsquo;Antiquit\u00e9s de Charleville-M\u00e9zi\u00e8res<\/span><\/p>\n","protected":false},"excerpt":{"rendered":"<p>Du 7 au 29 d\u00e9cembre 2013 :\u00a0March\u00e9 annuel de l&rsquo;art au Presbyt\u00e8re d&rsquo;Arbre pr\u00e9sent\u00e9 par la galerie d&rsquo;Art&rsquo;bre \u00a0 Du 27 au 29 septembre 2013\u00a0: Exposition \u00e0 la Galerie d&rsquo;Art&rsquo;bre \u00e0 Arbre, \u00ab\u00a0Le papier dans tous ses \u00e9tats\u00a0\u00bb. \u00a0 Du &hellip; <a href=\"https:\/\/www.gietka.be\/index.php\/2013-3\/\">Continuer la lecture <span class=\"meta-nav\">&rarr;<\/span><\/a><\/p>\n","protected":false},"author":2,"featured_media":0,"parent":0,"menu_order":0,"comment_status":"closed","ping_status":"closed","template":"","meta":{"jetpack_post_was_ever_published":false,"footnotes":""},"class_list":["post-59","page","type-page","status-publish","hentry"],"yoast_head":"<!-- This site is optimized with the Yoast SEO plugin v27.2 - https:\/\/yoast.com\/product\/yoast-seo-wordpress\/ -->\n<title>2013 - Jos\u00e9 Gietka, aquarelliste et cr\u00e9ateur de bijoux<\/title>\n<meta name=\"robots\" content=\"index, follow, max-snippet:-1, max-image-preview:large, max-video-preview:-1\" \/>\n<link rel=\"canonical\" href=\"https:\/\/www.gietka.be\/index.php\/2013-3\/\" \/>\n<meta property=\"og:locale\" content=\"fr_FR\" \/>\n<meta property=\"og:type\" content=\"article\" \/>\n<meta property=\"og:title\" content=\"2013 - Jos\u00e9 Gietka, aquarelliste et cr\u00e9ateur de bijoux\" \/>\n<meta property=\"og:description\" content=\"Du 7 au 29 d\u00e9cembre 2013 :\u00a0March\u00e9 annuel de l&rsquo;art au Presbyt\u00e8re d&rsquo;Arbre pr\u00e9sent\u00e9 par la galerie d&rsquo;Art&rsquo;bre \u00a0 Du 27 au 29 septembre 2013\u00a0: Exposition \u00e0 la Galerie d&rsquo;Art&rsquo;bre \u00e0 Arbre, \u00ab\u00a0Le papier dans tous ses \u00e9tats\u00a0\u00bb. \u00a0 Du &hellip; Continuer la lecture &rarr;\" \/>\n<meta property=\"og:url\" content=\"https:\/\/www.gietka.be\/index.php\/2013-3\/\" \/>\n<meta property=\"og:site_name\" content=\"Jos\u00e9 Gietka, aquarelliste et cr\u00e9ateur de bijoux\" \/>\n<meta property=\"article:modified_time\" content=\"2016-11-10T16:13:39+00:00\" \/>\n<meta property=\"og:image\" content=\"http:\/\/www.gietka.be\/wp-content\/uploads\/2016\/11\/2013-Arbre-expo-300x225.jpg\" \/>\n<meta name=\"twitter:card\" content=\"summary_large_image\" \/>\n<meta name=\"twitter:label1\" content=\"Dur\u00e9e de lecture estim\u00e9e\" \/>\n\t<meta name=\"twitter:data1\" content=\"1 minute\" \/>\n<script type=\"application\/ld+json\" class=\"yoast-schema-graph\">{\"@context\":\"https:\/\/schema.org\",\"@graph\":[{\"@type\":\"WebPage\",\"@id\":\"https:\/\/www.gietka.be\/index.php\/2013-3\/\",\"url\":\"https:\/\/www.gietka.be\/index.php\/2013-3\/\",\"name\":\"2013 - Jos\u00e9 Gietka, aquarelliste et cr\u00e9ateur de bijoux\",\"isPartOf\":{\"@id\":\"https:\/\/www.gietka.be\/#website\"},\"primaryImageOfPage\":{\"@id\":\"https:\/\/www.gietka.be\/index.php\/2013-3\/#primaryimage\"},\"image\":{\"@id\":\"https:\/\/www.gietka.be\/index.php\/2013-3\/#primaryimage\"},\"thumbnailUrl\":\"http:\/\/www.gietka.be\/wp-content\/uploads\/2016\/11\/2013-Arbre-expo-300x225.jpg\",\"datePublished\":\"2016-11-07T18:31:31+00:00\",\"dateModified\":\"2016-11-10T16:13:39+00:00\",\"breadcrumb\":{\"@id\":\"https:\/\/www.gietka.be\/index.php\/2013-3\/#breadcrumb\"},\"inLanguage\":\"fr-FR\",\"potentialAction\":[{\"@type\":\"ReadAction\",\"target\":[\"https:\/\/www.gietka.be\/index.php\/2013-3\/\"]}]},{\"@type\":\"ImageObject\",\"inLanguage\":\"fr-FR\",\"@id\":\"https:\/\/www.gietka.be\/index.php\/2013-3\/#primaryimage\",\"url\":\"http:\/\/www.gietka.be\/wp-content\/uploads\/2016\/11\/2013-Arbre-expo-300x225.jpg\",\"contentUrl\":\"http:\/\/www.gietka.be\/wp-content\/uploads\/2016\/11\/2013-Arbre-expo-300x225.jpg\"},{\"@type\":\"BreadcrumbList\",\"@id\":\"https:\/\/www.gietka.be\/index.php\/2013-3\/#breadcrumb\",\"itemListElement\":[{\"@type\":\"ListItem\",\"position\":1,\"name\":\"Accueil\",\"item\":\"https:\/\/www.gietka.be\/\"},{\"@type\":\"ListItem\",\"position\":2,\"name\":\"2013\"}]},{\"@type\":\"WebSite\",\"@id\":\"https:\/\/www.gietka.be\/#website\",\"url\":\"https:\/\/www.gietka.be\/\",\"name\":\"Jos\u00e9 Gietka, aquarelliste et cr\u00e9ateur de bijoux\",\"description\":\"L&#039;art de l&#039;aquarelle cr\u00e9ative\",\"potentialAction\":[{\"@type\":\"SearchAction\",\"target\":{\"@type\":\"EntryPoint\",\"urlTemplate\":\"https:\/\/www.gietka.be\/?s={search_term_string}\"},\"query-input\":{\"@type\":\"PropertyValueSpecification\",\"valueRequired\":true,\"valueName\":\"search_term_string\"}}],\"inLanguage\":\"fr-FR\"}]}<\/script>\n<!-- \/ Yoast SEO plugin. -->","yoast_head_json":{"title":"2013 - Jos\u00e9 Gietka, aquarelliste et cr\u00e9ateur de bijoux","robots":{"index":"index","follow":"follow","max-snippet":"max-snippet:-1","max-image-preview":"max-image-preview:large","max-video-preview":"max-video-preview:-1"},"canonical":"https:\/\/www.gietka.be\/index.php\/2013-3\/","og_locale":"fr_FR","og_type":"article","og_title":"2013 - Jos\u00e9 Gietka, aquarelliste et cr\u00e9ateur de bijoux","og_description":"Du 7 au 29 d\u00e9cembre 2013 :\u00a0March\u00e9 annuel de l&rsquo;art au Presbyt\u00e8re d&rsquo;Arbre pr\u00e9sent\u00e9 par la galerie d&rsquo;Art&rsquo;bre \u00a0 Du 27 au 29 septembre 2013\u00a0: Exposition \u00e0 la Galerie d&rsquo;Art&rsquo;bre \u00e0 Arbre, \u00ab\u00a0Le papier dans tous ses \u00e9tats\u00a0\u00bb. \u00a0 Du &hellip; Continuer la lecture &rarr;","og_url":"https:\/\/www.gietka.be\/index.php\/2013-3\/","og_site_name":"Jos\u00e9 Gietka, aquarelliste et cr\u00e9ateur de bijoux","article_modified_time":"2016-11-10T16:13:39+00:00","og_image":[{"url":"http:\/\/www.gietka.be\/wp-content\/uploads\/2016\/11\/2013-Arbre-expo-300x225.jpg","type":"","width":"","height":""}],"twitter_card":"summary_large_image","twitter_misc":{"Dur\u00e9e de lecture estim\u00e9e":"1 minute"},"schema":{"@context":"https:\/\/schema.org","@graph":[{"@type":"WebPage","@id":"https:\/\/www.gietka.be\/index.php\/2013-3\/","url":"https:\/\/www.gietka.be\/index.php\/2013-3\/","name":"2013 - Jos\u00e9 Gietka, aquarelliste et cr\u00e9ateur de bijoux","isPartOf":{"@id":"https:\/\/www.gietka.be\/#website"},"primaryImageOfPage":{"@id":"https:\/\/www.gietka.be\/index.php\/2013-3\/#primaryimage"},"image":{"@id":"https:\/\/www.gietka.be\/index.php\/2013-3\/#primaryimage"},"thumbnailUrl":"http:\/\/www.gietka.be\/wp-content\/uploads\/2016\/11\/2013-Arbre-expo-300x225.jpg","datePublished":"2016-11-07T18:31:31+00:00","dateModified":"2016-11-10T16:13:39+00:00","breadcrumb":{"@id":"https:\/\/www.gietka.be\/index.php\/2013-3\/#breadcrumb"},"inLanguage":"fr-FR","potentialAction":[{"@type":"ReadAction","target":["https:\/\/www.gietka.be\/index.php\/2013-3\/"]}]},{"@type":"ImageObject","inLanguage":"fr-FR","@id":"https:\/\/www.gietka.be\/index.php\/2013-3\/#primaryimage","url":"http:\/\/www.gietka.be\/wp-content\/uploads\/2016\/11\/2013-Arbre-expo-300x225.jpg","contentUrl":"http:\/\/www.gietka.be\/wp-content\/uploads\/2016\/11\/2013-Arbre-expo-300x225.jpg"},{"@type":"BreadcrumbList","@id":"https:\/\/www.gietka.be\/index.php\/2013-3\/#breadcrumb","itemListElement":[{"@type":"ListItem","position":1,"name":"Accueil","item":"https:\/\/www.gietka.be\/"},{"@type":"ListItem","position":2,"name":"2013"}]},{"@type":"WebSite","@id":"https:\/\/www.gietka.be\/#website","url":"https:\/\/www.gietka.be\/","name":"Jos\u00e9 Gietka, aquarelliste et cr\u00e9ateur de bijoux","description":"L&#039;art de l&#039;aquarelle cr\u00e9ative","potentialAction":[{"@type":"SearchAction","target":{"@type":"EntryPoint","urlTemplate":"https:\/\/www.gietka.be\/?s={search_term_string}"},"query-input":{"@type":"PropertyValueSpecification","valueRequired":true,"valueName":"search_term_string"}}],"inLanguage":"fr-FR"}]}},"jetpack_sharing_enabled":true,"jetpack_shortlink":"https:\/\/wp.me\/P7ZytP-X","_links":{"self":[{"href":"https:\/\/www.gietka.be\/index.php\/wp-json\/wp\/v2\/pages\/59","targetHints":{"allow":["GET"]}}],"collection":[{"href":"https:\/\/www.gietka.be\/index.php\/wp-json\/wp\/v2\/pages"}],"about":[{"href":"https:\/\/www.gietka.be\/index.php\/wp-json\/wp\/v2\/types\/page"}],"author":[{"embeddable":true,"href":"https:\/\/www.gietka.be\/index.php\/wp-json\/wp\/v2\/users\/2"}],"replies":[{"embeddable":true,"href":"https:\/\/www.gietka.be\/index.php\/wp-json\/wp\/v2\/comments?post=59"}],"version-history":[{"count":6,"href":"https:\/\/www.gietka.be\/index.php\/wp-json\/wp\/v2\/pages\/59\/revisions"}],"predecessor-version":[{"id":262,"href":"https:\/\/www.gietka.be\/index.php\/wp-json\/wp\/v2\/pages\/59\/revisions\/262"}],"wp:attachment":[{"href":"https:\/\/www.gietka.be\/index.php\/wp-json\/wp\/v2\/media?parent=59"}],"curies":[{"name":"wp","href":"https:\/\/api.w.org\/{rel}","templated":true}]}}