{"id":28,"date":"2016-11-07T19:24:28","date_gmt":"2016-11-07T18:24:28","guid":{"rendered":"http:\/\/www.gietka.be\/?page_id=28"},"modified":"2026-03-25T10:34:39","modified_gmt":"2026-03-25T09:34:39","slug":"prochaines-expositions","status":"publish","type":"page","link":"https:\/\/www.gietka.be\/index.php\/prochaines-expositions\/","title":{"rendered":"Prochaines expositions"},"content":{"rendered":"<p><strong><u>Du 22 mai au 24 mai 2026 :<\/u><\/strong><\/p>\n<p>Salon d\u2019Art 2026 avec le groupe \u00ab Happy Art \u00bb \u00e0 Oreye, Hall Omnisport, rue de la Cit\u00e9, 18.<\/p>\n<p><strong><u>A partir de mars 2026<\/u><\/strong><\/p>\n<p>Exposition permanente \u00e0 la galerie d\u2019art \u00ab\u00a0ART\u2019PERO\u00a0\u00bb de Crupet<\/p>\n<p><strong><u>Tout le mois<\/u><\/strong><\/p>\n<p>Exposition personnelle au restaurant \u00ab <a href=\"http:\/\/www.chezgaby.be\/\">Chez Gaby\u00a0<\/a>\u00bb 930, chauss\u00e9e de Dinant \u00e0 5100 W\u00e9pion.<\/p>\n\n\n<div class=\"wp-block-group\"><div class=\"wp-block-group__inner-container is-layout-constrained wp-block-group-is-layout-constrained\">\n<figure class=\"wp-block-gallery has-nested-images columns-default is-cropped wp-block-gallery-1 is-layout-flex wp-block-gallery-is-layout-flex\">\n<figure class=\"wp-block-image size-large\"><img data-recalc-dims=\"1\" loading=\"lazy\" decoding=\"async\" width=\"550\" height=\"412\" data-attachment-id=\"11414\" data-permalink=\"https:\/\/www.gietka.be\/index.php\/prochaines-expositions\/entree-avec-terrasse\/\" data-orig-file=\"https:\/\/i0.wp.com\/www.gietka.be\/wp-content\/uploads\/2025\/12\/entree-avec-terrasse.jpg?fit=550%2C412&amp;ssl=1\" data-orig-size=\"550,412\" data-comments-opened=\"0\" data-image-meta=\"{&quot;aperture&quot;:&quot;0&quot;,&quot;credit&quot;:&quot;&quot;,&quot;camera&quot;:&quot;&quot;,&quot;caption&quot;:&quot;&quot;,&quot;created_timestamp&quot;:&quot;0&quot;,&quot;copyright&quot;:&quot;&quot;,&quot;focal_length&quot;:&quot;0&quot;,&quot;iso&quot;:&quot;0&quot;,&quot;shutter_speed&quot;:&quot;0&quot;,&quot;title&quot;:&quot;&quot;,&quot;orientation&quot;:&quot;0&quot;}\" data-image-title=\"entree-avec-terrasse\" data-image-description=\"\" data-image-caption=\"\" data-medium-file=\"https:\/\/i0.wp.com\/www.gietka.be\/wp-content\/uploads\/2025\/12\/entree-avec-terrasse.jpg?fit=300%2C225&amp;ssl=1\" data-large-file=\"https:\/\/i0.wp.com\/www.gietka.be\/wp-content\/uploads\/2025\/12\/entree-avec-terrasse.jpg?fit=550%2C412&amp;ssl=1\" data-id=\"11414\" src=\"https:\/\/i0.wp.com\/www.gietka.be\/wp-content\/uploads\/2025\/12\/entree-avec-terrasse.jpg?resize=550%2C412&#038;ssl=1\" alt=\"\" class=\"wp-image-11414\" srcset=\"https:\/\/i0.wp.com\/www.gietka.be\/wp-content\/uploads\/2025\/12\/entree-avec-terrasse.jpg?w=550&amp;ssl=1 550w, https:\/\/i0.wp.com\/www.gietka.be\/wp-content\/uploads\/2025\/12\/entree-avec-terrasse.jpg?resize=300%2C225&amp;ssl=1 300w\" sizes=\"auto, (max-width: 550px) 100vw, 550px\" \/><\/figure>\n\n\n\n<figure class=\"wp-block-image size-large\"><img data-recalc-dims=\"1\" loading=\"lazy\" decoding=\"async\" width=\"203\" height=\"450\" data-attachment-id=\"11413\" data-permalink=\"https:\/\/www.gietka.be\/index.php\/prochaines-expositions\/caption\/\" data-orig-file=\"https:\/\/i0.wp.com\/www.gietka.be\/wp-content\/uploads\/2025\/12\/caption.jpg?fit=203%2C450&amp;ssl=1\" data-orig-size=\"203,450\" data-comments-opened=\"0\" data-image-meta=\"{&quot;aperture&quot;:&quot;0&quot;,&quot;credit&quot;:&quot;&quot;,&quot;camera&quot;:&quot;&quot;,&quot;caption&quot;:&quot;&quot;,&quot;created_timestamp&quot;:&quot;0&quot;,&quot;copyright&quot;:&quot;&quot;,&quot;focal_length&quot;:&quot;0&quot;,&quot;iso&quot;:&quot;0&quot;,&quot;shutter_speed&quot;:&quot;0&quot;,&quot;title&quot;:&quot;&quot;,&quot;orientation&quot;:&quot;0&quot;}\" data-image-title=\"caption\" data-image-description=\"\" data-image-caption=\"\" data-medium-file=\"https:\/\/i0.wp.com\/www.gietka.be\/wp-content\/uploads\/2025\/12\/caption.jpg?fit=135%2C300&amp;ssl=1\" data-large-file=\"https:\/\/i0.wp.com\/www.gietka.be\/wp-content\/uploads\/2025\/12\/caption.jpg?fit=203%2C450&amp;ssl=1\" data-id=\"11413\" src=\"https:\/\/i0.wp.com\/www.gietka.be\/wp-content\/uploads\/2025\/12\/caption.jpg?resize=203%2C450&#038;ssl=1\" alt=\"\" class=\"wp-image-11413\" srcset=\"https:\/\/i0.wp.com\/www.gietka.be\/wp-content\/uploads\/2025\/12\/caption.jpg?w=203&amp;ssl=1 203w, https:\/\/i0.wp.com\/www.gietka.be\/wp-content\/uploads\/2025\/12\/caption.jpg?resize=135%2C300&amp;ssl=1 135w\" sizes=\"auto, (max-width: 203px) 100vw, 203px\" \/><\/figure>\n\n\n\n<figure class=\"wp-block-image size-large\"><img data-recalc-dims=\"1\" loading=\"lazy\" decoding=\"async\" width=\"550\" height=\"412\" data-attachment-id=\"11412\" data-permalink=\"https:\/\/www.gietka.be\/index.php\/prochaines-expositions\/cadre-interieur\/\" data-orig-file=\"https:\/\/i0.wp.com\/www.gietka.be\/wp-content\/uploads\/2025\/12\/cadre-interieur.jpg?fit=550%2C412&amp;ssl=1\" data-orig-size=\"550,412\" data-comments-opened=\"0\" data-image-meta=\"{&quot;aperture&quot;:&quot;0&quot;,&quot;credit&quot;:&quot;&quot;,&quot;camera&quot;:&quot;&quot;,&quot;caption&quot;:&quot;&quot;,&quot;created_timestamp&quot;:&quot;0&quot;,&quot;copyright&quot;:&quot;&quot;,&quot;focal_length&quot;:&quot;0&quot;,&quot;iso&quot;:&quot;0&quot;,&quot;shutter_speed&quot;:&quot;0&quot;,&quot;title&quot;:&quot;&quot;,&quot;orientation&quot;:&quot;0&quot;}\" data-image-title=\"cadre-interieur\" data-image-description=\"\" data-image-caption=\"\" data-medium-file=\"https:\/\/i0.wp.com\/www.gietka.be\/wp-content\/uploads\/2025\/12\/cadre-interieur.jpg?fit=300%2C225&amp;ssl=1\" data-large-file=\"https:\/\/i0.wp.com\/www.gietka.be\/wp-content\/uploads\/2025\/12\/cadre-interieur.jpg?fit=550%2C412&amp;ssl=1\" data-id=\"11412\" src=\"https:\/\/i0.wp.com\/www.gietka.be\/wp-content\/uploads\/2025\/12\/cadre-interieur.jpg?resize=550%2C412&#038;ssl=1\" alt=\"\" class=\"wp-image-11412\" srcset=\"https:\/\/i0.wp.com\/www.gietka.be\/wp-content\/uploads\/2025\/12\/cadre-interieur.jpg?w=550&amp;ssl=1 550w, https:\/\/i0.wp.com\/www.gietka.be\/wp-content\/uploads\/2025\/12\/cadre-interieur.jpg?resize=300%2C225&amp;ssl=1 300w\" sizes=\"auto, (max-width: 550px) 100vw, 550px\" \/><\/figure>\n<\/figure>\n<\/div><\/div>\n\n\n\n\n\n<p><\/p>\n","protected":false},"excerpt":{"rendered":"<p>Du 22 mai au 24 mai 2026 : Salon d\u2019Art 2026 avec le groupe \u00ab Happy Art \u00bb \u00e0 Oreye, Hall Omnisport, rue de la Cit\u00e9, 18. A partir de mars 2026 Exposition permanente \u00e0 la galerie d\u2019art \u00ab\u00a0ART\u2019PERO\u00a0\u00bb de &hellip; <a href=\"https:\/\/www.gietka.be\/index.php\/prochaines-expositions\/\">Continuer la lecture <span class=\"meta-nav\">&rarr;<\/span><\/a><\/p>\n","protected":false},"author":2,"featured_media":0,"parent":0,"menu_order":0,"comment_status":"closed","ping_status":"closed","template":"","meta":{"jetpack_post_was_ever_published":false,"footnotes":""},"class_list":["post-28","page","type-page","status-publish","hentry"],"yoast_head":"<!-- This site is optimized with the Yoast SEO plugin v27.2 - https:\/\/yoast.com\/product\/yoast-seo-wordpress\/ -->\n<title>Prochaines expositions - Jos\u00e9 Gietka, aquarelliste et cr\u00e9ateur de bijoux<\/title>\n<meta name=\"robots\" content=\"index, follow, max-snippet:-1, max-image-preview:large, max-video-preview:-1\" \/>\n<link rel=\"canonical\" href=\"https:\/\/www.gietka.be\/index.php\/prochaines-expositions\/\" \/>\n<meta property=\"og:locale\" content=\"fr_FR\" \/>\n<meta property=\"og:type\" content=\"article\" \/>\n<meta property=\"og:title\" content=\"Prochaines expositions - Jos\u00e9 Gietka, aquarelliste et cr\u00e9ateur de bijoux\" \/>\n<meta property=\"og:description\" content=\"Du 22 mai au 24 mai 2026 : Salon d\u2019Art 2026 avec le groupe \u00ab Happy Art \u00bb \u00e0 Oreye, Hall Omnisport, rue de la Cit\u00e9, 18. A partir de mars 2026 Exposition permanente \u00e0 la galerie d\u2019art \u00ab\u00a0ART\u2019PERO\u00a0\u00bb de &hellip; Continuer la lecture &rarr;\" \/>\n<meta property=\"og:url\" content=\"https:\/\/www.gietka.be\/index.php\/prochaines-expositions\/\" \/>\n<meta property=\"og:site_name\" content=\"Jos\u00e9 Gietka, aquarelliste et cr\u00e9ateur de bijoux\" \/>\n<meta property=\"article:modified_time\" content=\"2026-03-25T09:34:39+00:00\" \/>\n<meta property=\"og:image\" content=\"https:\/\/www.gietka.be\/wp-content\/uploads\/2025\/12\/entree-avec-terrasse.jpg\" \/>\n<meta name=\"twitter:card\" content=\"summary_large_image\" \/>\n<meta name=\"twitter:label1\" content=\"Dur\u00e9e de lecture estim\u00e9e\" \/>\n\t<meta name=\"twitter:data1\" content=\"2 minutes\" \/>\n<script type=\"application\/ld+json\" class=\"yoast-schema-graph\">{\"@context\":\"https:\/\/schema.org\",\"@graph\":[{\"@type\":\"WebPage\",\"@id\":\"https:\/\/www.gietka.be\/index.php\/prochaines-expositions\/\",\"url\":\"https:\/\/www.gietka.be\/index.php\/prochaines-expositions\/\",\"name\":\"Prochaines expositions - Jos\u00e9 Gietka, aquarelliste et cr\u00e9ateur de bijoux\",\"isPartOf\":{\"@id\":\"https:\/\/www.gietka.be\/#website\"},\"primaryImageOfPage\":{\"@id\":\"https:\/\/www.gietka.be\/index.php\/prochaines-expositions\/#primaryimage\"},\"image\":{\"@id\":\"https:\/\/www.gietka.be\/index.php\/prochaines-expositions\/#primaryimage\"},\"thumbnailUrl\":\"https:\/\/www.gietka.be\/wp-content\/uploads\/2025\/12\/entree-avec-terrasse.jpg\",\"datePublished\":\"2016-11-07T18:24:28+00:00\",\"dateModified\":\"2026-03-25T09:34:39+00:00\",\"breadcrumb\":{\"@id\":\"https:\/\/www.gietka.be\/index.php\/prochaines-expositions\/#breadcrumb\"},\"inLanguage\":\"fr-FR\",\"potentialAction\":[{\"@type\":\"ReadAction\",\"target\":[\"https:\/\/www.gietka.be\/index.php\/prochaines-expositions\/\"]}]},{\"@type\":\"ImageObject\",\"inLanguage\":\"fr-FR\",\"@id\":\"https:\/\/www.gietka.be\/index.php\/prochaines-expositions\/#primaryimage\",\"url\":\"https:\/\/i0.wp.com\/www.gietka.be\/wp-content\/uploads\/2025\/12\/entree-avec-terrasse.jpg?fit=550%2C412&ssl=1\",\"contentUrl\":\"https:\/\/i0.wp.com\/www.gietka.be\/wp-content\/uploads\/2025\/12\/entree-avec-terrasse.jpg?fit=550%2C412&ssl=1\",\"width\":550,\"height\":412},{\"@type\":\"BreadcrumbList\",\"@id\":\"https:\/\/www.gietka.be\/index.php\/prochaines-expositions\/#breadcrumb\",\"itemListElement\":[{\"@type\":\"ListItem\",\"position\":1,\"name\":\"Accueil\",\"item\":\"https:\/\/www.gietka.be\/\"},{\"@type\":\"ListItem\",\"position\":2,\"name\":\"Prochaines expositions\"}]},{\"@type\":\"WebSite\",\"@id\":\"https:\/\/www.gietka.be\/#website\",\"url\":\"https:\/\/www.gietka.be\/\",\"name\":\"Jos\u00e9 Gietka, aquarelliste et cr\u00e9ateur de bijoux\",\"description\":\"L&#039;art de l&#039;aquarelle cr\u00e9ative\",\"potentialAction\":[{\"@type\":\"SearchAction\",\"target\":{\"@type\":\"EntryPoint\",\"urlTemplate\":\"https:\/\/www.gietka.be\/?s={search_term_string}\"},\"query-input\":{\"@type\":\"PropertyValueSpecification\",\"valueRequired\":true,\"valueName\":\"search_term_string\"}}],\"inLanguage\":\"fr-FR\"}]}<\/script>\n<!-- \/ Yoast SEO plugin. -->","yoast_head_json":{"title":"Prochaines expositions - Jos\u00e9 Gietka, aquarelliste et cr\u00e9ateur de bijoux","robots":{"index":"index","follow":"follow","max-snippet":"max-snippet:-1","max-image-preview":"max-image-preview:large","max-video-preview":"max-video-preview:-1"},"canonical":"https:\/\/www.gietka.be\/index.php\/prochaines-expositions\/","og_locale":"fr_FR","og_type":"article","og_title":"Prochaines expositions - Jos\u00e9 Gietka, aquarelliste et cr\u00e9ateur de bijoux","og_description":"Du 22 mai au 24 mai 2026 : Salon d\u2019Art 2026 avec le groupe \u00ab Happy Art \u00bb \u00e0 Oreye, Hall Omnisport, rue de la Cit\u00e9, 18. A partir de mars 2026 Exposition permanente \u00e0 la galerie d\u2019art \u00ab\u00a0ART\u2019PERO\u00a0\u00bb de &hellip; Continuer la lecture &rarr;","og_url":"https:\/\/www.gietka.be\/index.php\/prochaines-expositions\/","og_site_name":"Jos\u00e9 Gietka, aquarelliste et cr\u00e9ateur de bijoux","article_modified_time":"2026-03-25T09:34:39+00:00","og_image":[{"url":"https:\/\/www.gietka.be\/wp-content\/uploads\/2025\/12\/entree-avec-terrasse.jpg","type":"","width":"","height":""}],"twitter_card":"summary_large_image","twitter_misc":{"Dur\u00e9e de lecture estim\u00e9e":"2 minutes"},"schema":{"@context":"https:\/\/schema.org","@graph":[{"@type":"WebPage","@id":"https:\/\/www.gietka.be\/index.php\/prochaines-expositions\/","url":"https:\/\/www.gietka.be\/index.php\/prochaines-expositions\/","name":"Prochaines expositions - Jos\u00e9 Gietka, aquarelliste et cr\u00e9ateur de bijoux","isPartOf":{"@id":"https:\/\/www.gietka.be\/#website"},"primaryImageOfPage":{"@id":"https:\/\/www.gietka.be\/index.php\/prochaines-expositions\/#primaryimage"},"image":{"@id":"https:\/\/www.gietka.be\/index.php\/prochaines-expositions\/#primaryimage"},"thumbnailUrl":"https:\/\/www.gietka.be\/wp-content\/uploads\/2025\/12\/entree-avec-terrasse.jpg","datePublished":"2016-11-07T18:24:28+00:00","dateModified":"2026-03-25T09:34:39+00:00","breadcrumb":{"@id":"https:\/\/www.gietka.be\/index.php\/prochaines-expositions\/#breadcrumb"},"inLanguage":"fr-FR","potentialAction":[{"@type":"ReadAction","target":["https:\/\/www.gietka.be\/index.php\/prochaines-expositions\/"]}]},{"@type":"ImageObject","inLanguage":"fr-FR","@id":"https:\/\/www.gietka.be\/index.php\/prochaines-expositions\/#primaryimage","url":"https:\/\/i0.wp.com\/www.gietka.be\/wp-content\/uploads\/2025\/12\/entree-avec-terrasse.jpg?fit=550%2C412&ssl=1","contentUrl":"https:\/\/i0.wp.com\/www.gietka.be\/wp-content\/uploads\/2025\/12\/entree-avec-terrasse.jpg?fit=550%2C412&ssl=1","width":550,"height":412},{"@type":"BreadcrumbList","@id":"https:\/\/www.gietka.be\/index.php\/prochaines-expositions\/#breadcrumb","itemListElement":[{"@type":"ListItem","position":1,"name":"Accueil","item":"https:\/\/www.gietka.be\/"},{"@type":"ListItem","position":2,"name":"Prochaines expositions"}]},{"@type":"WebSite","@id":"https:\/\/www.gietka.be\/#website","url":"https:\/\/www.gietka.be\/","name":"Jos\u00e9 Gietka, aquarelliste et cr\u00e9ateur de bijoux","description":"L&#039;art de l&#039;aquarelle cr\u00e9ative","potentialAction":[{"@type":"SearchAction","target":{"@type":"EntryPoint","urlTemplate":"https:\/\/www.gietka.be\/?s={search_term_string}"},"query-input":{"@type":"PropertyValueSpecification","valueRequired":true,"valueName":"search_term_string"}}],"inLanguage":"fr-FR"}]}},"jetpack_sharing_enabled":true,"jetpack_shortlink":"https:\/\/wp.me\/P7ZytP-s","_links":{"self":[{"href":"https:\/\/www.gietka.be\/index.php\/wp-json\/wp\/v2\/pages\/28","targetHints":{"allow":["GET"]}}],"collection":[{"href":"https:\/\/www.gietka.be\/index.php\/wp-json\/wp\/v2\/pages"}],"about":[{"href":"https:\/\/www.gietka.be\/index.php\/wp-json\/wp\/v2\/types\/page"}],"author":[{"embeddable":true,"href":"https:\/\/www.gietka.be\/index.php\/wp-json\/wp\/v2\/users\/2"}],"replies":[{"embeddable":true,"href":"https:\/\/www.gietka.be\/index.php\/wp-json\/wp\/v2\/comments?post=28"}],"version-history":[{"count":85,"href":"https:\/\/www.gietka.be\/index.php\/wp-json\/wp\/v2\/pages\/28\/revisions"}],"predecessor-version":[{"id":11763,"href":"https:\/\/www.gietka.be\/index.php\/wp-json\/wp\/v2\/pages\/28\/revisions\/11763"}],"wp:attachment":[{"href":"https:\/\/www.gietka.be\/index.php\/wp-json\/wp\/v2\/media?parent=28"}],"curies":[{"name":"wp","href":"https:\/\/api.w.org\/{rel}","templated":true}]}}