{"id":20,"date":"2016-11-07T19:18:40","date_gmt":"2016-11-07T18:18:40","guid":{"rendered":"http:\/\/www.gietka.be\/?page_id=20"},"modified":"2023-11-25T10:16:32","modified_gmt":"2023-11-25T09:16:32","slug":"presentation","status":"publish","type":"page","link":"https:\/\/www.gietka.be\/index.php\/presentation\/","title":{"rendered":"Pr\u00e9sentation"},"content":{"rendered":"<p><a href=\"https:\/\/i0.wp.com\/www.gietka.be\/wp-content\/uploads\/2022\/04\/unnamed-10.jpg?ssl=1\" target=\"_blank\" rel=\"noopener\"><img data-recalc-dims=\"1\" loading=\"lazy\" decoding=\"async\" data-attachment-id=\"5903\" data-permalink=\"https:\/\/www.gietka.be\/index.php\/presentation\/unnamed-10\/\" data-orig-file=\"https:\/\/i0.wp.com\/www.gietka.be\/wp-content\/uploads\/2022\/04\/unnamed-10.jpg?fit=1021%2C638&amp;ssl=1\" data-orig-size=\"1021,638\" data-comments-opened=\"0\" data-image-meta=\"{&quot;aperture&quot;:&quot;0&quot;,&quot;credit&quot;:&quot;&quot;,&quot;camera&quot;:&quot;&quot;,&quot;caption&quot;:&quot;&quot;,&quot;created_timestamp&quot;:&quot;0&quot;,&quot;copyright&quot;:&quot;&quot;,&quot;focal_length&quot;:&quot;0&quot;,&quot;iso&quot;:&quot;0&quot;,&quot;shutter_speed&quot;:&quot;0&quot;,&quot;title&quot;:&quot;&quot;,&quot;orientation&quot;:&quot;0&quot;}\" data-image-title=\"unnamed (10)\" data-image-description=\"\" data-image-caption=\"\" data-medium-file=\"https:\/\/i0.wp.com\/www.gietka.be\/wp-content\/uploads\/2022\/04\/unnamed-10.jpg?fit=300%2C187&amp;ssl=1\" data-large-file=\"https:\/\/i0.wp.com\/www.gietka.be\/wp-content\/uploads\/2022\/04\/unnamed-10.jpg?fit=640%2C400&amp;ssl=1\" class=\"aligncenter wp-image-5903 size-medium\" src=\"https:\/\/i0.wp.com\/www.gietka.be\/wp-content\/uploads\/2022\/04\/unnamed-10.jpg?resize=300%2C187&#038;ssl=1\" alt=\"\" width=\"300\" height=\"187\" srcset=\"https:\/\/i0.wp.com\/www.gietka.be\/wp-content\/uploads\/2022\/04\/unnamed-10.jpg?resize=300%2C187&amp;ssl=1 300w, https:\/\/i0.wp.com\/www.gietka.be\/wp-content\/uploads\/2022\/04\/unnamed-10.jpg?resize=768%2C480&amp;ssl=1 768w, https:\/\/i0.wp.com\/www.gietka.be\/wp-content\/uploads\/2022\/04\/unnamed-10.jpg?w=1021&amp;ssl=1 1021w\" sizes=\"auto, (max-width: 300px) 100vw, 300px\" \/><\/a><\/p>\n<p>Jos\u00e9 Gietka est n\u00e9 \u00e0 Herstal (r\u00e9gion li\u00e9geoise \u2013 Belgique) en 1957.<\/p>\n<p>\u00c2g\u00e9 d\u2019une vingtaine d\u2019ann\u00e9es, Jos\u00e9 rencontre le milieu des antiquaires et collectionneurs li\u00e9geois et se d\u00e9couvre petit \u00e0 petit une passion des objets en tout genre : meubles, verreries, diverses cr\u00e9ations artistiques, \u2026<br \/>\nCette passion le conduit \u00e0 suivre des stages sur l\u2019impressionnisme, l\u2019art nouveau et l\u2019art byzantin \u00e0 l\u2019Acad\u00e9mie des Beaux Arts de Li\u00e8ge. Ensuite, suivront \u00a0un an de formation en sculpture en ameublement li\u00e9geois et quatre ans d\u2019apprentissage de l\u2019\u00e9b\u00e9nisterie li\u00e9geoise \u00e0 l\u2019ICADI de Li\u00e8ge avec l\u2019obtention du dipl\u00f4me d\u2019\u00e9b\u00e9niste.<\/p>\n<p>Ce n\u2019est qu\u2019au fil des ann\u00e9es que le virus de l\u2019aquarelle le gagne, au travers de la collection, de l\u2019envie de pouvoir reconna\u00eetre les \u0153uvres de qualit\u00e9, \u2026<br \/>\nEn 2002, Jos\u00e9 quitte sa r\u00e9gion natale et s\u2019installe en r\u00e9gion namuroise. Sa sensibilit\u00e9 aux arts s\u2019\u00e9tant affin\u00e9e le temps passant, il choisit de se laisser aller \u00e0 sa v\u00e9ritable passion : l\u2019aquarelle.<br \/>\nIl commence \u00e0 apprendre les rudiments de la technique a partir du 19 septembre 2005 \u00e0 l\u2019Ecole d\u2019Aquarelle Namuroise qu\u2019il quitte\u00a0 en juin 2009.<\/p>\n<p>A ce moment, la pr\u00e9retraite lui ouvrant un nouvel espace de temps libre, Jos\u00e9 d\u00e9cide de le mettre \u00e0 profit de sa cr\u00e9ativit\u00e9. Il s\u2019est toujours\u00a0 d\u00e9finit comme un \u00eatre en perp\u00e9tuelle recherche, recherche de soi-m\u00eame, recherche de beaut\u00e9, recherche d\u2019amour, \u2026 comme un \u00eatre en d\u00e9fit continu avec lui-m\u00eame.<br \/>\nJos\u00e9 se forme, \u00e0 partir de 2007, chez un Aquarelliste Belge de renomm\u00e9e\u00a0 internationale\u00a0: Roland Palmaerts, champion du monde d\u2019aquarelle (voir Guinness book des records) et auteur d\u2019un best-seller sur la couleur \u00e0 l\u2019aquarelle (ouvrage de r\u00e9f\u00e9rence dans le domaine) chez qui\u00a0 il obtient \u00e0 la fois le certificat des stages couleurs ainsi que celui de la formation des Ma\u00eetres Palm\u2019Arts.<br \/>\nJos\u00e9 est aujourd\u2019hui membre<\/p>\n<ul>\n<li>du M\u00e9rite Artistique Europ\u00e9en MAEKV, le plus important mouvement artistique Belge actuel<\/li>\n<li>du cercle d\u2019\u00e9change artistique Envoz\u2019Art<\/li>\n<li>du groupe des Aquarellistes Francophones de Belgique<\/li>\n<\/ul>\n<p>Il enseigne la technique de l\u2019aquarelle, le dessin et la cr\u00e9ativit\u00e9 en d\u00e9veloppement personnel \u00e0 Namur depuis 2011, il organise aussi des stages.<\/p>\n<p>Perfectionniste, il s\u2019est form\u00e9 \u00e0 l\u2019encadrement d\u2019Art \u00e0 la succursale de Bruxelles\u00a0 de la maison parisienne \u00ab\u00a0L\u2019\u00e9clat de verre\u00a0\u00bb et r\u00e9alise tout ses encadrements lui-m\u00eame.<\/p>\n<p>Ses recherches l\u2019ont conduit \u00e0 s\u2019int\u00e9resser aux couleurs, aux formes, \u00e0 la vision, aux sensations, aux \u00e9motions et \u00e0 l\u2019inconscient, ainsi qu\u2019\u00e0 la g\u00e9om\u00e9trie sacr\u00e9e.<\/p>\n<p>Les r\u00eaves, les arch\u00e9types et les symboles sont pour lui des\u00a0 pr\u00e9occupations depuis le d\u00e9but de son \u0153uvre ainsi que la libert\u00e9 dans les coups de pinceaux et l\u2019autocensure de ceux-ci.<\/p>\n<p>Ses \u0153uvres originales, color\u00e9es et lumineuses sont ex\u00e9cut\u00e9es de fa\u00e7on totalement imaginaire, sans dessin pr\u00e9alable, d\u2019une fa\u00e7on rapide et tr\u00e8s \u00e9motionnelle, elles sont toujours\u00a0 le fruit d\u2019une recherche, toujours r\u00e9alis\u00e9e sur papier Arches\u00a0 et avec des couleurs extra fines de qualit\u00e9 professionnelle.<\/p>\n<p>Il se verra donc class\u00e9 comme symboliste surr\u00e9aliste.<\/p>\n<p>Il est aujourd\u2019hui un artiste cot\u00e9 \u00e0 la fois \u00e0 l\u2019<a href=\"http:\/\/www.akoun.com\/ARTIST\/gietka_jose\">AKOUN<\/a>\u00a0et sur <a href=\"https:\/\/fr.artprice.com\/artiste\/471699\/jose-gietka\">Artprice<\/a> pour ses aquarelles<\/p>\n<p>Pr\u00e9sent sur l\u2019encyclop\u00e9die libre Wikip\u00e9dia.<\/p>\n<p>Artisan certifi\u00e9 depuis le 13 novembre 2023.<\/p>\n<p><strong><em>N\u00b0 d&rsquo;entreprise : 0601.990.908<\/em><\/strong><\/p>\n","protected":false},"excerpt":{"rendered":"<p>Jos\u00e9 Gietka est n\u00e9 \u00e0 Herstal (r\u00e9gion li\u00e9geoise \u2013 Belgique) en 1957. \u00c2g\u00e9 d\u2019une vingtaine d\u2019ann\u00e9es, Jos\u00e9 rencontre le milieu des antiquaires et collectionneurs li\u00e9geois et se d\u00e9couvre petit \u00e0 petit une passion des objets en tout genre : meubles, &hellip; <a href=\"https:\/\/www.gietka.be\/index.php\/presentation\/\">Continuer la lecture <span class=\"meta-nav\">&rarr;<\/span><\/a><\/p>\n","protected":false},"author":2,"featured_media":0,"parent":0,"menu_order":0,"comment_status":"closed","ping_status":"closed","template":"","meta":{"jetpack_post_was_ever_published":false,"footnotes":""},"class_list":["post-20","page","type-page","status-publish","hentry"],"yoast_head":"<!-- This site is optimized with the Yoast SEO plugin v27.2 - https:\/\/yoast.com\/product\/yoast-seo-wordpress\/ -->\n<title>Pr\u00e9sentation - Jos\u00e9 Gietka, aquarelliste et cr\u00e9ateur de bijoux<\/title>\n<meta name=\"robots\" content=\"index, follow, max-snippet:-1, max-image-preview:large, max-video-preview:-1\" \/>\n<link rel=\"canonical\" href=\"https:\/\/www.gietka.be\/index.php\/presentation\/\" \/>\n<meta property=\"og:locale\" content=\"fr_FR\" \/>\n<meta property=\"og:type\" content=\"article\" \/>\n<meta property=\"og:title\" content=\"Pr\u00e9sentation - Jos\u00e9 Gietka, aquarelliste et cr\u00e9ateur de bijoux\" \/>\n<meta property=\"og:description\" content=\"Jos\u00e9 Gietka est n\u00e9 \u00e0 Herstal (r\u00e9gion li\u00e9geoise \u2013 Belgique) en 1957. \u00c2g\u00e9 d\u2019une vingtaine d\u2019ann\u00e9es, Jos\u00e9 rencontre le milieu des antiquaires et collectionneurs li\u00e9geois et se d\u00e9couvre petit \u00e0 petit une passion des objets en tout genre : meubles, &hellip; Continuer la lecture &rarr;\" \/>\n<meta property=\"og:url\" content=\"https:\/\/www.gietka.be\/index.php\/presentation\/\" \/>\n<meta property=\"og:site_name\" content=\"Jos\u00e9 Gietka, aquarelliste et cr\u00e9ateur de bijoux\" \/>\n<meta property=\"article:modified_time\" content=\"2023-11-25T09:16:32+00:00\" \/>\n<meta property=\"og:image\" content=\"http:\/\/www.gietka.be\/wp-content\/uploads\/2022\/04\/unnamed-10-300x187.jpg\" \/>\n<meta name=\"twitter:card\" content=\"summary_large_image\" \/>\n<meta name=\"twitter:label1\" content=\"Dur\u00e9e de lecture estim\u00e9e\" \/>\n\t<meta name=\"twitter:data1\" content=\"3 minutes\" \/>\n<script type=\"application\/ld+json\" class=\"yoast-schema-graph\">{\"@context\":\"https:\/\/schema.org\",\"@graph\":[{\"@type\":\"WebPage\",\"@id\":\"https:\/\/www.gietka.be\/index.php\/presentation\/\",\"url\":\"https:\/\/www.gietka.be\/index.php\/presentation\/\",\"name\":\"Pr\u00e9sentation - Jos\u00e9 Gietka, aquarelliste et cr\u00e9ateur de bijoux\",\"isPartOf\":{\"@id\":\"https:\/\/www.gietka.be\/#website\"},\"primaryImageOfPage\":{\"@id\":\"https:\/\/www.gietka.be\/index.php\/presentation\/#primaryimage\"},\"image\":{\"@id\":\"https:\/\/www.gietka.be\/index.php\/presentation\/#primaryimage\"},\"thumbnailUrl\":\"http:\/\/www.gietka.be\/wp-content\/uploads\/2022\/04\/unnamed-10-300x187.jpg\",\"datePublished\":\"2016-11-07T18:18:40+00:00\",\"dateModified\":\"2023-11-25T09:16:32+00:00\",\"breadcrumb\":{\"@id\":\"https:\/\/www.gietka.be\/index.php\/presentation\/#breadcrumb\"},\"inLanguage\":\"fr-FR\",\"potentialAction\":[{\"@type\":\"ReadAction\",\"target\":[\"https:\/\/www.gietka.be\/index.php\/presentation\/\"]}]},{\"@type\":\"ImageObject\",\"inLanguage\":\"fr-FR\",\"@id\":\"https:\/\/www.gietka.be\/index.php\/presentation\/#primaryimage\",\"url\":\"http:\/\/www.gietka.be\/wp-content\/uploads\/2022\/04\/unnamed-10-300x187.jpg\",\"contentUrl\":\"http:\/\/www.gietka.be\/wp-content\/uploads\/2022\/04\/unnamed-10-300x187.jpg\"},{\"@type\":\"BreadcrumbList\",\"@id\":\"https:\/\/www.gietka.be\/index.php\/presentation\/#breadcrumb\",\"itemListElement\":[{\"@type\":\"ListItem\",\"position\":1,\"name\":\"Accueil\",\"item\":\"https:\/\/www.gietka.be\/\"},{\"@type\":\"ListItem\",\"position\":2,\"name\":\"Pr\u00e9sentation\"}]},{\"@type\":\"WebSite\",\"@id\":\"https:\/\/www.gietka.be\/#website\",\"url\":\"https:\/\/www.gietka.be\/\",\"name\":\"Jos\u00e9 Gietka, aquarelliste et cr\u00e9ateur de bijoux\",\"description\":\"L&#039;art de l&#039;aquarelle cr\u00e9ative\",\"potentialAction\":[{\"@type\":\"SearchAction\",\"target\":{\"@type\":\"EntryPoint\",\"urlTemplate\":\"https:\/\/www.gietka.be\/?s={search_term_string}\"},\"query-input\":{\"@type\":\"PropertyValueSpecification\",\"valueRequired\":true,\"valueName\":\"search_term_string\"}}],\"inLanguage\":\"fr-FR\"}]}<\/script>\n<!-- \/ Yoast SEO plugin. -->","yoast_head_json":{"title":"Pr\u00e9sentation - Jos\u00e9 Gietka, aquarelliste et cr\u00e9ateur de bijoux","robots":{"index":"index","follow":"follow","max-snippet":"max-snippet:-1","max-image-preview":"max-image-preview:large","max-video-preview":"max-video-preview:-1"},"canonical":"https:\/\/www.gietka.be\/index.php\/presentation\/","og_locale":"fr_FR","og_type":"article","og_title":"Pr\u00e9sentation - Jos\u00e9 Gietka, aquarelliste et cr\u00e9ateur de bijoux","og_description":"Jos\u00e9 Gietka est n\u00e9 \u00e0 Herstal (r\u00e9gion li\u00e9geoise \u2013 Belgique) en 1957. \u00c2g\u00e9 d\u2019une vingtaine d\u2019ann\u00e9es, Jos\u00e9 rencontre le milieu des antiquaires et collectionneurs li\u00e9geois et se d\u00e9couvre petit \u00e0 petit une passion des objets en tout genre : meubles, &hellip; Continuer la lecture &rarr;","og_url":"https:\/\/www.gietka.be\/index.php\/presentation\/","og_site_name":"Jos\u00e9 Gietka, aquarelliste et cr\u00e9ateur de bijoux","article_modified_time":"2023-11-25T09:16:32+00:00","og_image":[{"url":"http:\/\/www.gietka.be\/wp-content\/uploads\/2022\/04\/unnamed-10-300x187.jpg","type":"","width":"","height":""}],"twitter_card":"summary_large_image","twitter_misc":{"Dur\u00e9e de lecture estim\u00e9e":"3 minutes"},"schema":{"@context":"https:\/\/schema.org","@graph":[{"@type":"WebPage","@id":"https:\/\/www.gietka.be\/index.php\/presentation\/","url":"https:\/\/www.gietka.be\/index.php\/presentation\/","name":"Pr\u00e9sentation - Jos\u00e9 Gietka, aquarelliste et cr\u00e9ateur de bijoux","isPartOf":{"@id":"https:\/\/www.gietka.be\/#website"},"primaryImageOfPage":{"@id":"https:\/\/www.gietka.be\/index.php\/presentation\/#primaryimage"},"image":{"@id":"https:\/\/www.gietka.be\/index.php\/presentation\/#primaryimage"},"thumbnailUrl":"http:\/\/www.gietka.be\/wp-content\/uploads\/2022\/04\/unnamed-10-300x187.jpg","datePublished":"2016-11-07T18:18:40+00:00","dateModified":"2023-11-25T09:16:32+00:00","breadcrumb":{"@id":"https:\/\/www.gietka.be\/index.php\/presentation\/#breadcrumb"},"inLanguage":"fr-FR","potentialAction":[{"@type":"ReadAction","target":["https:\/\/www.gietka.be\/index.php\/presentation\/"]}]},{"@type":"ImageObject","inLanguage":"fr-FR","@id":"https:\/\/www.gietka.be\/index.php\/presentation\/#primaryimage","url":"http:\/\/www.gietka.be\/wp-content\/uploads\/2022\/04\/unnamed-10-300x187.jpg","contentUrl":"http:\/\/www.gietka.be\/wp-content\/uploads\/2022\/04\/unnamed-10-300x187.jpg"},{"@type":"BreadcrumbList","@id":"https:\/\/www.gietka.be\/index.php\/presentation\/#breadcrumb","itemListElement":[{"@type":"ListItem","position":1,"name":"Accueil","item":"https:\/\/www.gietka.be\/"},{"@type":"ListItem","position":2,"name":"Pr\u00e9sentation"}]},{"@type":"WebSite","@id":"https:\/\/www.gietka.be\/#website","url":"https:\/\/www.gietka.be\/","name":"Jos\u00e9 Gietka, aquarelliste et cr\u00e9ateur de bijoux","description":"L&#039;art de l&#039;aquarelle cr\u00e9ative","potentialAction":[{"@type":"SearchAction","target":{"@type":"EntryPoint","urlTemplate":"https:\/\/www.gietka.be\/?s={search_term_string}"},"query-input":{"@type":"PropertyValueSpecification","valueRequired":true,"valueName":"search_term_string"}}],"inLanguage":"fr-FR"}]}},"jetpack_sharing_enabled":true,"jetpack_shortlink":"https:\/\/wp.me\/P7ZytP-k","_links":{"self":[{"href":"https:\/\/www.gietka.be\/index.php\/wp-json\/wp\/v2\/pages\/20","targetHints":{"allow":["GET"]}}],"collection":[{"href":"https:\/\/www.gietka.be\/index.php\/wp-json\/wp\/v2\/pages"}],"about":[{"href":"https:\/\/www.gietka.be\/index.php\/wp-json\/wp\/v2\/types\/page"}],"author":[{"embeddable":true,"href":"https:\/\/www.gietka.be\/index.php\/wp-json\/wp\/v2\/users\/2"}],"replies":[{"embeddable":true,"href":"https:\/\/www.gietka.be\/index.php\/wp-json\/wp\/v2\/comments?post=20"}],"version-history":[{"count":14,"href":"https:\/\/www.gietka.be\/index.php\/wp-json\/wp\/v2\/pages\/20\/revisions"}],"predecessor-version":[{"id":7512,"href":"https:\/\/www.gietka.be\/index.php\/wp-json\/wp\/v2\/pages\/20\/revisions\/7512"}],"wp:attachment":[{"href":"https:\/\/www.gietka.be\/index.php\/wp-json\/wp\/v2\/media?parent=20"}],"curies":[{"name":"wp","href":"https:\/\/api.w.org\/{rel}","templated":true}]}}